*j = -351. Calculate the greatest common factor of 156 and j.
39
Let b(h) = h**2 + 6*h - 6. Let t be b(1). Let c be 430/10 - (t - (-6)/2). What is the highest common divisor of 52 and c?
13
Let g(x) = -5*x - 73. Let d = 167 - 182. Let i be g(d). Let u(w) = 21*w + 1. Let f be u(1). What is the greatest common divisor of f and i?
2
Suppose -33 = -246*s + 1689. Calculate the highest common divisor of s and 287.
7
Let p = 51 - 49. Suppose p*t = 3*t - 3. Suppose w + 102 = 3*y + 2, 70 = 2*y - 4*w. Calculate the highest common factor of t and y.
3
Suppose 16*j + 33*j - 1248 = -55*j. What is the highest common factor of j and 7752?
12
Let o = -9 + 36. Suppose 2*f = 79 - o. Suppose 32*j - 39 = 31*j. Calculate the greatest common divisor of j and f.
13
Suppose 2927 = -42*i + 45*i + u, -4 = 4*u. Calculate the highest common factor of i and 4.
4
Let y(a) = -2*a**3 + 16*a**2 - 7*a - 1. Let x be y(5). Calculate the highest common divisor of x and 66.
6
Suppose 12345 = 5*h - 5*y, 0 = -5*h - 4*y + 5381 + 7045. What is the highest common divisor of 1218 and h?
42
Let i(v) be the first derivative of 23*v + 13/2*v**2 - 4 - 1/3*v**3. Let l be i(11). What is the greatest common divisor of 5 and l?
5
Suppose -204*c = 5*k - 202*c - 185, -5*c = 3*k - 111. Calculate the highest common divisor of 8399 and k.
37
Let x(s) = -s**2 + 36*s + 10. Let u be x(31). Calculate the highest common factor of u and 510.
15
Let f(d) = d**3 - 20*d**2 + 5*d + 26. Let h be f(20). Calculate the greatest common factor of 441 and h.
63
Let x(s) = -9*s - 3. Let q(y) = -3*y - 13. Let r be q(-4). Let c be x(r). Suppose -2*a + 54 = a. Calculate the highest common divisor of a and c.
6
Let p = 19944 - 19400. Calculate the highest common divisor of 187 and p.
17
Let i = 15074 + -14932. Calculate the greatest common factor of i and 8.
2
Suppose 301 = 4*o - 99. Let i = -112833 + 112983. Calculate the highest common divisor of o and i.
50
Let x = 4 + 0. Suppose 3*n = 5*z - 18 + 94, 0 = -x*n - z + 86. Let b = 5519 + -5517. Calculate the highest common divisor of b and n.
2
Let y(i) = -i**3 + 107*i**2 + 123*i - 1484. Let j be y(108). Calculate the highest common divisor of j and 1462.
34
Let s(m) = m**3 - 3*m**2 + 4*m - 7. Let n be s(3). Suppose -79*y = -5*v - 76*y + 191, -15 = -n*y. What is the highest common factor of v and 10?
10
Let l be -10 + (2 - 1)*(-3444)/(-84). Calculate the highest common divisor of l and 3751.
31
Let m(t) = t**3 - 14*t**2 + 4*t - 25. Let c be m(14). Let n(b) = -9 - 2 + 2*b - 4 + 4*b. Let h be n(18). Calculate the greatest common factor of c and h.
31
Let l(a) = 211*a + 92. Let z be l(3). Let o(b) = b**3 + 9*b**2 + 18*b + 21. Let q be o(-4). Calculate the greatest common divisor of z and q.
29
Suppose 425*w - 489*w = -24128. Calculate the greatest common factor of 1365 and w.
13
Let l = -779 - -1124. Let y = -18898 + 18901. Suppose 4*v - 3*t = l, -v = -2*v - y*t + 105. Calculate the highest common factor of 10 and v.
10
Suppose -24 = 15*p - 384. Let i = p - 13. Let n be (-2 - -3)/((-2)/(-242)). Calculate the greatest common factor of i and n.
11
Let a(u) = u**3 + 8*u**2 - 13*u - 137. Let k be a(-7). Suppose -p + 32 = 4. Suppose 71 = 3*j - p. What is the greatest common factor of j and k?
3
Suppose -36*v + 6*v - 41*v - 46*v + 1872 = 0. Let n be (-2)/(-3) + 10/(-6). Let b be 0 + n + (4 - -1). Calculate the highest common factor of v and b.
4
Let j(i) = -i**3 + 6*i**2 - 15*i + 2. Let p be j(7). Let n = p + 161. What is the greatest common divisor of 18 and n?
9
Suppose 3 = -3*u + 12, 22 = 2*x + 4*u. Suppose 0 = 2*y + 2, -3*q + 4*y - 108 = -x*q. Calculate the highest common divisor of 14 and q.
14
Suppose 22*d + 16 = 23*d. Let c(b) = 5*b - 10. Let o be c(2). Suppose d*a - 2310 + 630 = o. What is the greatest common factor of 70 and a?
35
Let g be 277/3 + (-8)/(-84)*7. Suppose -g = -12*v - 21. Suppose 8*u = 5*y + 3*u - 15, 0 = 2*y + 3*u - v. Calculate the greatest common factor of 12 and y.
3
Suppose -2*p - g + 13820 = 0, -5*g - 13808 = 27*p - 29*p. What is the highest common factor of 21 and p?
21
Let k = 12888 - 11496. Calculate the highest common divisor of 1218 and k.
174
Let k = 31 + 40. Let s = 86 - k. Calculate the highest common factor of 345 and s.
15
Let m be 1 + (-1700)/(-36) - (-186)/(-837). Calculate the highest common factor of m and 1164.
12
Let m(r) = 20 + 3*r**3 + 10*r**2 - 22 + 5*r**2 + 14*r - 2*r**3. Let f be m(-13). What is the greatest common divisor of 22 and f?
22
Let g = 69 + 11. Suppose 14*x - 6*x - g = 0. Let j be 0*(-2)/(-8) - -5. Calculate the highest common divisor of j and x.
5
Let b = 8737 - 5929. What is the highest common divisor of 52 and b?
52
Suppose r = -2*n + 364, 360 = -10*n + 12*n + 2*r. What is the highest common divisor of 391 and n?
23
Let r = 3788 + -3596. What is the highest common factor of r and 300?
12
Let i = -13389 - -13544. Let b(g) = -4*g + 7. Let h be b(-6). What is the highest common divisor of h and i?
31
Let g = 50 + -46. Suppose g*h = -62 + 70. Suppose 4*k + 13 = -3*o + h, 2*o = 5*k + 31. Calculate the highest common divisor of 5 and o.
1
Let r(a) be the second derivative of 11*a**3/2 + a**2/2 - a. Let u be r(1). Let d be (-339)/(-4) - (-524)/2096. Calculate the greatest common factor of d and u.
17
Let n = 131 + -129. Suppose 0 = -3*i, -2*i + n = 9*j - 7*j. What is the highest common factor of j and 9?
1
Let p(m) = -2*m**2 - 4*m + 5. Let w be p(-5). Let u = 28 + w. Suppose -u*k + 13*k = 250. Calculate the highest common divisor of k and 5.
5
Let d(w) = 81*w**3 - 2*w + 1. Let m be d(1). Suppose 0 = -5*y - 5*p + 38 + 207, -2*p = -18. Calculate the highest common divisor of m and y.
40
Suppose 428*b - 629530 = 1463818. Calculate the greatest common factor of 730 and b.
73
Let l be (-37)/(148/(-3864)) - (-60)/10. Calculate the greatest common divisor of l and 756.
108
Suppose 145*y - 211*y = -7826 + 698. Calculate the greatest common factor of y and 11232.
108
Let k = 0 - -10. Let p be (-168462)/(-3087) - ((-9)/7)/3. What is the highest common factor of k and p?
5
Suppose 373*d + 1741 = 8082. Let k be 1/(-4) + 615/12. Calculate the highest common divisor of k and d.
17
Suppose -2*j + 708 = 2*m, 58*m - 59*m - 1054 = -3*j. Calculate the greatest common factor of 2376 and j.
88
Suppose 94*f = 34*f + 15180. Let g be 4/14 + 1443/21. Calculate the greatest common divisor of g and f.
23
Suppose 0 = -9*z + 520 + 695. Let r = z + -26. Suppose -r = -4*q + 79. Calculate the highest common divisor of 94 and q.
47
Suppose 111 = 2*f - d - 602, 0 = 3*f - 5*d - 1087. Calculate the highest common factor of f and 1534.
118
Suppose 44*k - 5605 = 59163. Calculate the highest common divisor of 23 and k.
23
Let g be 14/(-10 + 922/92). Calculate the greatest common factor of 28 and g.
28
Let s be (-11)/1 - -280 - 14. Calculate the highest common factor of s and 1377.
51
Let i = -236 + 423. Suppose 2*j - i = 137. Calculate the greatest common factor of 6 and j.
6
Let a = 224 - 626. Let h = 478 - a. Suppose 6*z = z + h. What is the greatest common divisor of z and 16?
16
Suppose 0*p + 9 = 5*a + 3*p, -2*a + 2*p = -10. Suppose v - 63 = -u, -v = -2*v - a. Let w = -54 + u. What is the greatest common factor of 8 and w?
4
Let j(v) = v**2 - 15*v + 10. Let x be j(12). Let m be 104/2 + (x - -28). Calculate the greatest common factor of m and 486.
54
Let q be ((-165)/33 - 29/(-7))*(-183 + -6). What is the highest common divisor of q and 4131?
81
Let v(g) = g**2 - 9*g - 1. Let f be v(12). Suppose 25*y + 63 = 16*y. Let o be y*(-1 + 0)*(0 - -1). Calculate the greatest common factor of f and o.
7
Let w(s) = 13*s + 5. Let m be w(6). Suppose m = 5*y + 13. Let l = -11799 - -11911. What is the greatest common divisor of l and y?
14
Let a = -9040 - -28650. What is the highest common factor of 185 and a?
185
Let v(t) = -3*t**2 - 185*t - 129. Let h be v(-60). Calculate the highest common factor of 234 and h.
9
Suppose 4779066 = 77*p + 108*p + 1683091. Calculate the highest common divisor of p and 5.
5
Let a(x) = 2*x**2 + 37*x - 6 - 3*x**2 - 23 + 4*x**2. Let z be a(-16). Calculate the greatest common divisor of z and 196.
49
Let x(a) = 6*a**2 - 6*a - 19. Let d be x(-4). Let y = -214 + d. Let r = -108 - y. What is the greatest common divisor of 10 and r?
5
Let p(z) = 